9/j - (-2)/3. What is the highest common factor of m and l?
17
Let v = 9134 + -9131. Let o be (2/2 - -1) + 1. Calculate the greatest common divisor of o and v.
3
Let t = 128 - 52. Suppose 51 = f - 3*u, -5*f - u = -243 - t. Suppose -68 = -6*q + 58. Calculate the greatest common divisor of q and f.
21
Let y = -2129 - -3009. Calculate the highest common divisor of y and 66.
22
Suppose 0 = -3*u - 2*x + 14, -2*u = -x - 7 - 0. Let v = -10 + -19. Let s = v - -33. Calculate the greatest common divisor of u and s.
4
Suppose -4*g = 5*i - 0*i - 125, 4*g - 115 = 5*i. Calculate the greatest common factor of 6 and g.
6
Let o be (-6)/4*20/(-15). Let y be o/(-4) - (-45)/18. Suppose -3*s + 1 = -y. Calculate the greatest common divisor of s and 7.
1
Let f = 4 - -12. Let y(j) = -j**2 - 9*j + 26. Let d be y(-11). Calculate the highest common divisor of f and d.
4
Let v be (-2031)/(-27) - (-4)/(-18). Let f(j) = j**3 - 6*j + 10. Let o be f(4). What is the highest common factor of o and v?
25
Let s be 2/(-4) + (-1645)/(-14). Calculate the greatest common factor of s and 26.
13
Suppose -2*x + 3*x = 0. Suppose 5*y + 82 - 267 = x. Suppose 5*q - 3 = y. Calculate the greatest common factor of q and 64.
8
Let k = 16 + -12. Let w(p) = p**2 - 3*p + 1. Let v be w(k). Let a(s) = s**2 + s. Let l be a(v). What is the greatest common factor of 12 and l?
6
Let c be ((-1407)/(-28))/(2/(-24)). Let q = 9 + -8. Let n be c/(-15) - q/5. Calculate the greatest common factor of 16 and n.
8
Let a(n) = 23*n**2 + 6*n - 12. Let o be a(2). Let y = 97 - o. Let f(u) = 6*u**3 - 3*u**2 + u + 2. Let l be f(2). What is the highest common divisor of y and l?
5
Suppose 5*w = -4*r + 29 - 2, 72 = 4*r - 4*w. Suppose -1 = 2*d - 27. Let t = d + 39. What is the greatest common factor of t and r?
13
Let a be 3 - 142/(0 - 2). What is the greatest common divisor of a and 111?
37
Suppose 6*h - 49 - 11 = 0. What is the greatest common divisor of h and 270?
10
Suppose 96 = 6*i - 0*i. Let m be 2/30 + (-168)/(-180). Calculate the greatest common divisor of m and i.
1
Suppose 2*a - 10 = 4*q, a = -a + 5*q + 11. Suppose -12 = -a*z + 4*z. Let t be 3/(-6)*2*z. Calculate the highest common divisor of 36 and t.
12
Suppose -7 = 6*n - 103. Suppose n = 4*z, -4*c - 3*z = -1 - 19. Let t be (2 + -1)/c*126. What is the highest common divisor of 21 and t?
21
Let u be (11/33)/((-3)/(-171) + 0). What is the highest common factor of u and 133?
19
Let f be 1/(10/12)*(-500)/(-6). What is the highest common divisor of 40 and f?
20
Suppose 44*p - 48*p + 32 = 0. Calculate the highest common divisor of 28 and p.
4
Let v = -701 + 1101. Calculate the highest common factor of v and 16.
16
Suppose 61*b - 4681 - 2211 + 2378 = 0. Suppose 4*f - 262 = 182. What is the highest common divisor of f and b?
37
Suppose 4*g - 13 + 153 = 0. Let p = g + 59. Suppose n + 4*x = 4*n - 300, 3*x - 279 = -3*n. What is the highest common factor of n and p?
24
Let l(o) = -o**3 - 17*o**2 - 18*o + 4. Let m be -5 + -10 + (-3 - -2). Let d be l(m). What is the highest common divisor of 4 and d?
4
Let t = -5845 - -5847. Let b be (20/(-6))/((-2)/3). What is the greatest common factor of t and b?
1
Let p(j) = j**3 + 9*j**2 + 10*j + 8. Let c be p(-8). Let r be -1 + 49 + c + 8. Let l = -26 - -58. What is the greatest common divisor of r and l?
16
Let f = -38 - -32. Let m be -36*-1*f/(-12). Calculate the highest common factor of m and 45.
9
Let x be 10 + (-9)/(-3) - 6. Calculate the highest common divisor of 84 and x.
7
Let i be (-41)/(2*(-2)/4). Suppose -v + 4*g + 30 = 0, -g + 28 = 2*v - i. Suppose 26 + 93 = 7*p. Calculate the greatest common factor of p and v.
17
Let d(x) = -x**3 - 17*x**2 + 9*x - 63. Let r be d(-18). What is the greatest common factor of r and 9?
9
Let y(l) = -9*l**2 - 7*l + l**3 + 16*l - 3*l - 18 - 3*l. Let j be y(9). Let z be 3/(1/45*3). What is the greatest common factor of z and j?
9
Suppose 12 = 2*y - 52. Let a = y + -40. Let i(r) = -5*r - 20. Let z be i(a). What is the highest common factor of z and 180?
20
Suppose -76*r + 480 = -68*r. What is the highest common divisor of 45 and r?
15
Let q = 13 - 11. Suppose -4*x = -3*u + 676, -u + 307 = -q*x + 81. Let n = u + -112. Calculate the greatest common factor of n and 14.
14
Let n(b) = -b**3 + 6*b**2 + 27*b + 1. Let s be n(9). Let v(x) = x**3 + 8*x**2 - 9*x + 5. Let i be v(-9). What is the highest common factor of s and i?
1
Suppose -r + 17 = 4*d, 5*r - 2*d - 3*d = 60. What is the greatest common divisor of 169 and r?
13
Let f be (-513)/18*(-256)/24. What is the greatest common divisor of 342 and f?
38
Suppose 0 = -2*i - 14 + 6, -152 = -4*w + 4*i. Suppose 3*f = -b + w + 157, 255 = 4*f + b. What is the greatest common divisor of f and 4?
4
Let t = 142 - 48. Suppose 5*m - 569 = -t. Suppose -395 = -3*u - 2*k - m, 0 = u - k - 95. Calculate the highest common factor of 14 and u.
14
Suppose 9 - 24 = -3*k - 5*i, -3*k = 2*i - 15. Let u = -9 + 19. What is the highest common factor of k and u?
5
Let x be (4*4/(-8))/(-3 - -2). Let d(w) = w**2 - 4*w + 3. Let i be d(4). What is the greatest common factor of i and x?
1
Suppose y - 3*y = -40. Let f(t) = t**3 - 19*t**2 + 27*t - 22. Let l be f(18). What is the greatest common divisor of y and l?
20
Let t = 0 - -3. Let b(g) = 2*g**3 - 4*g**2 + g + 3. Let x be b(t). Calculate the highest common divisor of 36 and x.
12
Let g be (24/60 - 68/(-5))*1. Suppose 4*z = -5*k + 2*k - 7, 5*z + 5*k + 15 = 0. Calculate the greatest common divisor of g and z.
2
Suppose 0 = -0*b + 14*b - 714. What is the highest common factor of b and 119?
17
Let g be ((-8)/(-14))/(15/2625)*1. What is the highest common divisor of 140 and g?
20
Let q(d) = 18*d**3 - 1. Let o be q(1). Suppose 22*s = o*s + 25. Suppose -s*p = v - 58, 64 - 18 = 3*p - 5*v. What is the greatest common factor of p and 6?
6
Let x be -1 + -2 + -2 + 7. Suppose u + 5 = x*u. Suppose 0 = 2*h + 2, -u*v - 2*h = -553 + 170. What is the greatest common factor of v and 7?
7
Let f(c) = -c**3 + 20*c**2 - 18*c - 3. Let x be f(19). Calculate the greatest common factor of x and 208.
16
Let a = 13 - 8. Suppose 2*z - 5*c = -141, -2*c - 3*c + 83 = -z. Let b = 113 + z. What is the highest common divisor of a and b?
5
Let v(d) = -171*d - 87. Let h be v(-1). Calculate the greatest common factor of h and 420.
84
Let m(c) = -c**2 - 5*c - 7. Let y be m(-7). Let i = -11 - y. What is the highest common factor of i and 5?
5
Let q = 326 - 294. Calculate the highest common factor of q and 864.
32
Let q = 9 + 18. Suppose 3*r = 5*o + 49, -3*r - 3*o = -0*r - 57. Calculate the highest common factor of r and q.
9
Let a(s) = 2*s**2 - 7*s - 6. Let t be 22/77 + 66/14. Let c be a(t). What is the greatest common factor of 72 and c?
9
Let o = 1633 - 1603. Calculate the greatest common factor of o and 150.
30
Let o(g) = 2*g + 1. Let w be o(5). Let d(j) = -j**3 + 10*j**2 + 12*j - 1. Let u be d(w). Let y be 124/u + 9/15. What is the highest common divisor of y and 91?
13
Let c(i) = 9*i**2 + 2*i - 5. Let p be c(-4). Let q be (-1 - 6/(-3)) + p. Let o be -1 - (q - -4)/(-4). What is the highest common factor of o and 11?
11
Let i(b) = -83*b - 30. Let h be i(-8). Let p = 920 - h. What is the greatest common divisor of 26 and p?
26
Let b(c) = -c**2 + 5*c + 4. Let g be b(5). Suppose -16 = -2*o + g*t, -o + 5 = -0*t - 3*t. Calculate the highest common factor of o and 7.
7
Suppose -11*q - 66 = -176. What is the highest common factor of 810 and q?
10
Suppose -72 = -d - 17. Let s = -49 + d. Calculate the greatest common factor of 9 and s.
3
Let a = 12 + -20. Let n(p) be the third derivative of -p**5/60 - p**4/2 - 2*p**3 + 17*p**2. Let s be n(a). What is the highest common divisor of 30 and s?
10
Suppose -6*b - 15*b = -1407. What is the highest common divisor of 1541 and b?
67
Suppose 3*m + 5 = 3*r + 2, 0 = 3*r + 3*m - 15. What is the greatest common divisor of 17 and r?
1
Let g(i) = -i**3 + 18*i**2 + 22*i - 45. Let l be g(18). What is the greatest common divisor of 13 and l?
13
Let o(i) = 13*i - 29. Let w be o(8). Suppose 7*m - 150 = 2*m. What is the greatest common divisor of w and m?
15
Let y = -18 - -24. Suppose -108 = 30*x - 32*x. What is the highest common factor of y and x?
6
Suppose -d + 0*d = 5*p - 22, 2*p + d - 10 = 0. Suppose 12*g = p*g + 120. What is the greatest com